= 246*b + 684. What are the prime factors of m(-2)?
2, 3
Let p be (-7695)/108*(-16)/1. Suppose 0 = -2*m - 8, m - p = -5*b + 426. List the prime factors of b.
2, 157
Suppose 0 = h - 3*h + 5*r + 305, -4*h + 603 = -3*r. List the prime factors of ((-174)/(-7))/((h/(-140))/(-15)).
2, 3, 29
Suppose 24*s = 16*s + 16. What are the prime factors of (-5094)/(-10) - (s + (-8)/5)?
509
Let z = -62311 + 106467. What are the prime factors of z?
2, 7, 19, 83
Let i(c) = 19*c**2 + 3*c - 6. Suppose -7*s = -3*s + 16. Let u be i(s). Suppose 3*z + y = u, -5*y = z + 26 - 126. What are the prime factors of z?
5, 19
Suppose 10*l - 16 = 4. Suppose -2*q - 2*f = -708, -5*f = -3*q + l*q + 336. What are the prime factors of q?
3, 13
Let r(n) = -9*n**3 - 6*n**2 + 146*n + 2366. What are the prime factors of r(-17)?
13, 3259
Suppose 0*j = 2*j - 2*l - 2164, -5*j - 5*l = -5410. Let i = j + -570. List the prime factors of i.
2
What are the prime factors of (-24)/312*-807833 - (3 - -4)?
2, 47, 661
Suppose 2*i + 6*d = d + 13, 2 = 2*d. Let g be -1 + (40 - i) + 3. Let w = g - 21. List the prime factors of w.
17
Let h = -61281 + 103940. What are the prime factors of h?
29, 1471
Suppose -4899 - 4821 = -8*p. What are the prime factors of p?
3, 5
Let o = 260 + -136. Let h = o - 61. Suppose -5*m + 218 = h. List the prime factors of m.
31
Let x(q) = 6*q**3 + 18*q**2 + 7*q + 124. List the prime factors of x(9).
13, 463
Suppose -206 = -6*f - 206. Suppose 2*p + 152 = 4*p + t, f = -4*p - 4*t + 308. What are the prime factors of p?
3, 5
Let p(d) = 5*d + 4*d**3 - 2*d**3 + 36*d**2 + 19 - 44*d**2. What are the prime factors of p(8)?
571
Suppose -3*n - 5*v + 4*v = -273, -5*n + 469 = -3*v. Let a(y) = -y**3 + 3*y**2 - y + 4. Let u be a(0). Suppose u = 6*c - n. What are the prime factors of c?
2
Let m(c) = -c**3 + 17*c**2 - 8*c - 3. Let k be m(17). Let l = 250 - k. List the prime factors of l.
389
Let z = -327 - -15101. List the prime factors of z.
2, 83, 89
Let p = -296 - -298. Suppose 5364 = p*w + 7*w. What are the prime factors of w?
2, 149
Let b = 15 - 18. Let a be (-99)/6 + ((-9)/(-6))/b. Let q = 80 + a. What are the prime factors of q?
3, 7
What are the prime factors of 78987 + 4 + (-4 - 4) + -2?
3, 7, 3761
Let z(t) = t**3 - 3*t**2 - 363*t + 196. What are the prime factors of z(32)?
2, 3, 1523
Let l(u) = -u**2 + 33*u + 46 + 42*u - 80*u. What are the prime factors of l(0)?
2, 23
List the prime factors of (-293 - -3644) + 13 + -1.
3, 19, 59
Let y be 2/5 - 8/20. Let p(g) = g**3 + 9*g**2 - 18*g - 63. Let w be p(-10). Suppose 2*h - 273 - w = y. List the prime factors of h.
5, 29
Suppose 2*a - 3715 = -t, 13*a - 18*a + 9270 = 5*t. List the prime factors of a.
1861
List the prime factors of 9 - (0 + (6 - -461))*-24.
3, 3739
Let n(h) = -7*h - 35. Let p be n(-6). Suppose 0 = -0*z - p*z + 98. Suppose 9*r - z*r = -1185. List the prime factors of r.
3, 79
Let d(x) = 417*x**2 + 2*x - 7. Let t be d(-3). Suppose -13*a + 8*a + t = 0. What are the prime factors of a?
2, 11, 17
Let p be 12/(-44) - (-57)/209. Let b = 825 - 534. Suppose p = 4*j - 49 - b. List the prime factors of j.
5, 17
Suppose 106*f + 97352 = 957899 + 1187267. List the prime factors of f.
19319
Let p be (0 - 0/(-2)) + -4. Let u be (-6)/p*(101/3 + 3). Suppose -52*d + u*d - 276 = 0. What are the prime factors of d?
2, 23
Let d = -3 - -1. Let i be 2/d - (12/(-3) - -1). Suppose 2*r + i*r - 652 = 0. What are the prime factors of r?
163
Suppose x + 48 = 5*u, 6*u = 5*x + u + 280. Let j = x + 157. Suppose 5*h = r - 69, 3*h + 2*h - j = -r. What are the prime factors of r?
2, 3, 7
Let q(b) = 7*b**3 + 4*b**2 - 31. Let n(g) = 11*g**3 + 7*g**2 - 46. Let m(p) = 5*n(p) - 8*q(p). Suppose 0 = -6*j + j + 2*j. What are the prime factors of m(j)?
2, 3
Let p(r) = 3*r**2 - 10*r + 1. Let l be p(4). Suppose 4*q = -3*m + 194, 5*q + l*m - 8*m = 237. What are the prime factors of q?
47
Let c = 42 + 6. What are the prime factors of 2 - c/26 - 26290/(-143)?
2, 23
Suppose 3*l - 2940 = 5*x, -4*l - 13*x + 3954 = -14*x. List the prime factors of l.
2, 3, 5, 11
Let j(r) = -214*r**2 + 2*r - 1. Let g be j(-1). Let w be (-1038)/(-3) - (-1 + -1). Let s = w + g. What are the prime factors of s?
131
Let y(w) = -1433*w + 306. What are the prime factors of y(-8)?
2, 5, 11, 107
Suppose 629 = 5*b - 771. Let o = b + -440. Let g = o - -235. What are the prime factors of g?
3, 5
Let x(b) = b**2 - 8*b - 5. Let m = 109 - 118. Let z be x(m). Suppose -4*y + 324 + z = 0. What are the prime factors of y?
2, 59
Let r = -77 + 50. Let n(l) = l + 48. Let b be n(17). Let m = r + b. List the prime factors of m.
2, 19
Let i(d) = d**3 + 2*d**2 - 18*d - 13. Let a be i(-5). Let k(q) = 62*q**3 - 2*q**2 - 3*q + 3. List the prime factors of k(a).
5, 97
Let k = -21383 + 62165. What are the prime factors of k?
2, 3, 7, 971
Let t be (84/(-15) - -7) + (-6)/(-10). Suppose 6*c = c - 25, 0 = -4*d - t*c + 194. Suppose 3*f = 339 - d. What are the prime factors of f?
2, 3
Let h be 462/10 - (5 + 120/(-25)). Suppose z + 2*d = 262, -h*z + 4*d = -47*z + 262. What are the prime factors of z?
2, 131
Let p(a) = 307*a**3 + 3*a**2 - 4*a + 4. Let k be p(2). Suppose -1484 = -3*h + k. List the prime factors of h.
2, 7, 47
Let z(f) = f**3 - 13*f**2 + 26*f - 2. Let y = -95 - -106. What are the prime factors of z(y)?
2, 3, 7
Suppose -10*a = a + 1804. List the prime factors of -10 + 9 - (2 + a).
7, 23
Let w = 45376 - 13310. List the prime factors of w.
2, 16033
Suppose 2*q + 6 = 5*q - 3*j, 4*q - 3*j - 8 = 0. Let i(p) = 6 - 3 + 4*p + q*p. List the prime factors of i(8).
3, 17
Let h be 2 - (1082 - (-1 - -5)). Let v = -605 - h. List the prime factors of v.
3, 157
Suppose 0 = -3*u - 3*u + 2490. Suppose -4*q + u = 5*r, 0*q + 178 = 2*r + 4*q. Let a = r - 55. List the prime factors of a.
2, 3
Let n(a) = -7*a**3 + a**2 - 5*a - 12. Let s(f) be the first derivative of -f**4/4 - f + 31. Let h(t) = n(t) - 5*s(t). List the prime factors of h(-4).
157
Suppose -2*s - 2*o = -68 - 68, 5*s - o = 310. Let b = -41 + s. Suppose -1045 = -27*m + b*m. What are the prime factors of m?
11, 19
Let i(q) = q**2 - q - 11. Let o(h) = -h - h**2 - h - 16 + h**2 + 2*h**2. Let v(y) = -8*i(y) + 5*o(y). List the prime factors of v(12).
2, 17
List the prime factors of 70536/(-4)*(13 - 16).
2, 3, 2939
Suppose 3*m - 8 = 5*m. Let u(d) = -d**3 + 2*d**2 + 5*d - 4. What are the prime factors of u(m)?
2, 3
Suppose 36*m = -75824 + 378440. List the prime factors of m.
2, 3, 467
Let g(z) = -10*z**3 + 9*z**2 - 13*z + 3. Let m be g(-7). Suppose 5*c = 7*t - 10*t + m, -4*c + 3209 = -5*t. List the prime factors of c.
2, 199
Suppose 13*y = 6*y + 21. Suppose 0*i + 2*i - 7 = 5*g, 4*g = y*i. List the prime factors of ((-162)/3)/(2/g).
3
Let f(l) = 8*l**2 - 278*l - 79. List the prime factors of f(49).
5507
Let y(q) = 24 + 18*q - 13*q + 87*q. What are the prime factors of y(4)?
2, 7
Suppose -d + 12569 = r, -48*r + 51*r = 4*d - 50269. What are the prime factors of d?
2, 1571
Suppose 4*i + 2*a = 2732, i = -48*a + 45*a + 678. Let l = -89 + i. List the prime factors of l.
5, 7, 17
Suppose 7*a - 25 = 45. Suppose -a*o + 17*o - 637 = 0. List the prime factors of o.
7, 13
Suppose -3*i + 4*h + 7399 + 13286 = 0, 3*i = -h + 20700. List the prime factors of i.
6899
List the prime factors of (-3285490)/(-455) - 1/(-7).
3, 29, 83
Let t = 25 + -20. Suppose -2*a - 4335 = -t*b, a + 3*a + 8676 = 4*b. What are the prime factors of a/(-45) - 6/27?
2, 3
Suppose 41*b - 2760759 = -22*b - 251595. What are the prime factors of b?
2, 3, 3319
Let o(z) be the second derivative of -3*z**2 + 0 - 1/4*z**4 - 1/10*z**5 + 7*z - 1/2*z**3. What are the prime factors of o(-4)?
2, 43
Suppose -5*j + 81 = a, 0 = 3*a + a - 4*j - 324. Suppose 8*w - a = 191. List the prime factors of w.
2, 17
Let f = 29 + -33. Let h(s) = 17*s**3 - 7*s**2 - 6*s + 1. Let p be h(f). List the prime factors of 36/(-14) + 2 - p/35.
3, 11
Suppose 35*v - 28 = 31*v. Suppose -v*l - 4*b + 862 = -5*l, 1308 = 3*l + 3*b. List the prime factors of l.
3, 7
Suppose 4*k - 52696 = -3*g, -2*k - 25*g + 26348 = -21*g. List the prime factors of k.
2, 7, 941
Let w = -1150 - -672. Let g = -28 - w. List the prime factors of g.
2, 3, 5
Let v be (8/(-24))/((-1)/4314). Let q = v - 1003. List the prime factors of q.
3, 5, 29
Suppose -2*o = -h + 657, -h + 411 = -5*o - 252. Supp